-9
16 + 5 + -2 + -9 + -8
2
What is 0 - ((-6 - (-3 + 9 + -6)) + -6)?
12
Evaluate 3 + 3 + 0 + (-15 - -8 - -12).
11
Evaluate -2 + (-29 - -22 - (0 + 0 - -4)).
-13
Calculate (0 - -2) + -48 + 34.
-12
Calculate 0 + 16 + -8 - (21 + -1).
-12
Calculate 88 + -87 + 6 + 1.
8
Calculate 2 - ((-5 - (-9 - -13)) + -10).
21
Evaluate -5 + -12 + 9 - -15.
7
Calculate 0 + 19 - (-8 + 30 + -19) - -3.
19
Calculate 13 + (34 - 46) + 1.
2
What is 17 - 12 - (-18 - -2)?
21
Evaluate 64 + (86 - 125) - (16 - 0).
9
What is (29 - 65) + -36 + 44?
-28
Evaluate (-4 - (29 + -23 + 1 + -6)) + 15.
10
Evaluate -8 + (11 - 5 - 6).
-8
What is the value of 1 + 3 - (6 - (-3 - -11))?
6
3 + -7 - (-6 - (-10 - -8)) - 6
-6
What is the value of 10 + -1 - (2 - -11) - -12?
8
Calculate (-9 - -11 - 9) + -3 + 5 + -2.
-7
Evaluate 20 + -14 + (4 - 1 - -20).
29
Evaluate -4 + (6 - 3) + -8 + 4 + -12.
-17
Evaluate (235 - 276) + (-3 - -14).
-30
Evaluate 8 + -12 - (-4 + -4).
4
What is 497 - 517 - (-6 + (3 - 2 - 1))?
-14
Calculate (-13 - -2) + -19 + -5 + 17 - 10.
-28
What is -1 - (8 + (4 - (10 + 1)) + 1)?
-3
Evaluate -12 - (-19 + 8 + -5).
4
Evaluate -22 + (17 - (-6 + -18)).
19
Calculate (14 - (-7 + (4 - 16) + 24)) + -22.
-13
What is -27 + -21 + (54 - 9)?
-3
What is the value of (-5 - -3) + 6 + (-2 - 6) + 9?
5
Calculate (-3 - (0 - 0)) + 15.
12
What is 2 + -1 + 148 + -172 - (6 - -1)?
-30
What is 0 + 0 - ((21 - 24) + 4)?
-1
-2 - 2 - (7 - (2 + (5 - 13)))
-17
What is -7 + 4 + 2 + 1 - (-4 - 7)?
11
Calculate 1 + (-39 - -17) - -10.
-11
Calculate (15 - 3 - -3) + -6 + 2 + -2.
9
4 - (30 + (-14 - -9) + 3 + -3)
-21
-1 - 2 - (3 + 3 + 13 + -11)
-11
Evaluate 8 + -12 + 2 + 8 + 0.
6
Calculate 0 - (-5 + 11) - 1 - -1.
-6
What is the value of 1 - (144 + -142 + 1 + 7)?
-9
What is the value of (2 - -11 - 12) + 6?
7
Calculate (8 - 15) + -2 + (-4 - -1).
-12
Evaluate -13 - (-1 - 3 - (455 - 476)).
-30
4 - (-1 - -7) - (-11 - -13)
-4
Evaluate (9 - 6 - -5 - 3) + 0.
5
Calculate (31 - (19 - -31)) + 0 + -1 + 7.
-13
Evaluate -30 + (-1 + 25 - -2).
-4
Evaluate -19 + -10 + 30 + 0 + 1 + -11.
-9
What is -23 - 0 - ((27 - (11 - -3)) + -10)?
-26
Evaluate -2 + 1 + 0 + 0 - (86 + -78).
-9
What is the value of 14 + 1 + (26 - 28)?
13
-10 + 1 - (-16 - -36 - 16)
-13
Evaluate -34 + 22 + (-22 - -33).
-1
Evaluate -23 + 34 - (1 - -9).
1
What is 23 - 8 - 18 - -4?
1
Calculate (-2 - 3) + -26 + 40.
9
Evaluate 2 - (-6 - ((4 - (-1 - -16)) + 5)).
2
Calculate (-4 - 4) + (14 - 17).
-11
Calculate -1 + 1 - ((-17 - 12) + 23).
6
(-4 + (-4 - 1) - (-43 + 28)) + -9
-3
What is (7 - -1) + -6 + 3 + (67 - 60)?
12
What is (1 - -5) + -3 + -16 + 13?
0
What is the value of -9 + (23 + 10 - (-2 + 6))?
20
Calculate -9 - (-34 - 0 - (0 + 5 + -13)).
17
-13 + 33 - (23 - 8)
5
Evaluate -9 - -29 - (-2 - (-12 + 15)).
25
Evaluate (-1 - 5) + 7 - (11 - 15).
5
6 + 0 + -3 + 3 + (4 - 10)
0
Calculate -3 + -3 + (1 - -7).
2
What is -21 - ((5 + -26 - -14) + 7 + 0)?
-21
What is the value of (11 - (-3 + 3)) + (-118 - -116)?
9
Evaluate 9 + 3 + -11 + (-1 - -1) - 5.
-4
Evaluate -7 + 1 - (-83 + 46 - -31).
0
Calculate 9 + -16 - (-5 + 14 - -17).
-33
What is (-66 - -86) + (-21 - -1)?
0
Calculate 0 - (-3 - (-19 + 33)).
17
What is the value of 6 + 18 + -27 + (2 - -2)?
1
-29 - -2 - (162 - 176)
-13
What is the value of -5 - (13 - (5 - 5))?
-18
What is 112 + -110 - (1 + -2 + (-3 - -1))?
5
Calculate (3 + -7 - 4 - -23) + -1 + 1.
15
Evaluate 4 + (-23 - -22) - (21 - 0).
-18
2 + (8 + -9 - -1) - (-3 - 3)
8
What is (3 - -1) + 5 + 7 + -10 + -12?
-6
Evaluate 59 - (73 + -27) - 3.
10
What is -6 + -1 - ((22 - 9) + (3 - -2))?
-25
-9 + 2 + 10 + -14
-11
What is -17 + 2 + (-14 - (13 - 35))?
-7
Evaluate -1 + -6 + -6 + 6 + 5 + 4.
2
What is the value of -16 - (-8 - (-15 + -1 + 55))?
31
Calculate 36 - (17 + 22) - (-3 - 1 - 1).
2
Evaluate 14 - 12 - (15 - 28).
15
What is the value of 11 + (51 - 55) + (-2 + 0 - -9)?
14
Calculate (0 - -3) + (15 - 12) - 22.
-16
What is 3 - -1 - (-31 + 21 + 15)?
-1
Calculate -18 - 4 - (83 - 104).
-1
Calculate -7 + -19 + (72 - 24).
22
What is the value of (16 - 11) + 17 + -11 - (-4 - 1)?
16
Evaluate 16 + (-17 - -17) - 3.
13
What is the value of 124 + -126 + (-14 - 1)?
-17
What is 6 - 3 - (-5 + 27) - -11?
-8
Evaluate -724 + 732 - (3 - (11 + 0) - 2).
18
Calculate -8 + (152 - 132) + (1 - 0 - 4).
9
What is the value of (2 - (9 - 4)) + 4?
1
What is the value of -1 + 7 + (-143 - -135) - 4?
-6
What is the value of (4 - (-14 + 2)) + -4 + -2 + -25?
-15
What is -4 - ((7 - 6) + -9) - 8?
-4
Evaluate (3 - 2) + (12 - (-10 - (-12 - 6))).
5
What is the value of (12 - 3 - 6) + -9?
-6
Calculate -7 + 0 + (-23 - -9 - -17) + -18.
-22
What is the value of -8 + 14 + -6 + 0 + -2 + 1?
-1
Evaluate 8 + (26 + -39 - (-1 - -1)) + -8.
-13
What is the value of 695 - 718 - (-1 + -15)?
-7
Evaluate 7 + -2 + (31 + -19 - 18) + 20.
19
Evaluate 2 - 4 - (28 + -26) - -26.
22
-57 + -34 + 66 - 4
-29
Evaluate -17 + 12 - (-4 + 1 + -9) - 2.
5
What is the value of -2 + 25 + (236 - 259)?
0
-3 + -70 + 21 - -28
-24
Evaluate (-10 - (-13 + 8)) + (13 - -5).
13
Evaluate (2 - 0) + 7 + -20 + 18.
7
What is -13 - -1 - (8 + -4 - 18)?
2
What is -1 - 0 - (-5 - (6 - 3) - 0)?
7
What is 0 + 20 + (-18 - (29 + -49))?
22
What is 46 - 57 - (-20 - 0)?
9
What is the value of -19 + 4 + -12 + -6 + 10?
-23
What is (18 - 18) + -21 - -15?
-6
What is the value of -5 - (1 - 8) - (3 - -4 - -3)?
-8
What is the value of (-8 - (-13 + 20 + -9)) + -4?
-10
What is (-6 + 10 - 14 - 4) + 8 + -4?
-10
1 + 15 + 0 + 32 + -28 + 6
26
Evaluate 7 + (-8 - (35 + -9 - 7)) - 0.
-20
Calculate 86 + -83 + (4 + 4 + 1 - -1).
13
What is the value of 5 + -19 + 22 + -25 - -23?
6
What is the value of -1 - (10 + (1 - (9 - 2)) - 2)?
-3
Evaluate (4 - -2 - (-1 + (1 - 4))) + 13.
23
Calculate (-5 - (6 + -11)) + (-28 - (15 - 17)).
-26
20 + 17 + -27 + 5
15
Evaluate 15 + (4 + -12 + (18 - 6) - 4).
15
What is -1 - (12 + -13 + (-9 - 27))?
36
What is the value of 5 + (30 - 15) + (3 - 3 - 8)?
12
What is -101 + 35 + 52 - (0 - 0)?
-14
What is the value of 2 - ((7 - -11 - 18) + 3 + 2)?
-3
What is the value of -14 + 2 + -32 + -2 + 46?
0
Calculate -1 - -8 - (0 + -10 + 20).
-3
6 + (8 - 4) + 1 - -3
14
What is 0 - -26 - (-478 - -502)?
2
Evaluate (5 - -4 - (3 - -16)) + 2.
-8
What is the value of -24 + (-8 - 2) + -9 + 25?
-18
-9 + (-9 - (15 + -37))
4
4 + -22 - -45 - (12 - (8 + -4))
19
What is 16 + (1 - 8) + -18 + -3?
-12
Evaluate (22 - (17 - 0)) + 2 + 5.
12
What is the value of (0 - 10) + -7 + -7?
-24
Calculate (-5 - -3) + -2 - (-3 - (11 + -24)).
-14
What is the value of 22 + (8 - 9) + -9 + 2?
14
What is the value of 735 + -716 - (36 - -1)?
-18
Calculate (3 - 1 - 3 - (2 - 1)) + -4.
-6
What is the value of (32 - (8 + 36)) + (1 - 0)?
-11
What is the value of 11 - (-3 - -15) - -13 - -3?
15
Calculate 153 + -148 + 1 + -6.
0
What is (150 - 138) + (-3 - 11)?
-2
20 + (-15 - 16) - (0 - -5)
-16
(-19 + 21 - -1 - -7) + 26
36
-4 - (0 + (6 - 2) + (-10 - -16))
-14
-2 - (-2 - -7) - -8 - (-1 + -6)
8
Evaluate 25 - (10 - (20 - (-3 - (-12 + 1)))).
27
What is 21 + (5 + -11 - -8 - 5)?
18
7 + -85 + 85 + -4 + (-2 - 2)
-1
What is -2 + (15 + (-32 - -11) - (2 + -10))?
0
Calculate -60 - (27 - 18 - 45).
-24
What is (-5 - 1) + -4 + 4 + 3 + 4?
1
Evaluate -12 - ((10 - 5) + -4).
-13
3 + (-7 + 9 - (1 - -6))
-2
Evaluate -12 - (-86 + 44 + 42).
-12
Evaluate (26 - -14) + 5 + -34.
11
Evaluate (-19 - (-31 - -15)) + (0 - -4).
1
(-3 - (15 + -7)) + -19 + 8
-22
4 + -10 + -6 + (-6 - -5) + -2
-15
Evaluate (3 - 19) + 37 + -14.
7
Evaluate -18 - 1 - (352 + -342).
-29
Calculate (-2 - (-15 - -4)) + 2.
11
Evaluate -2 + 23 + (253 - 254).
20
What is (14 - 3) + -244 + 235?
2
Calculate (19 - 23 - 9) + 22.
9
Calculate -3 - (-43 + -35 + 65).
10
(-4 - (1 - 3)) + 6 + -12 + -2
-10
-13 - -7 - 10 - -30
14
Calculate (156 - 150) + (-17 - -1).
-10
What is -4 + -25 - (73 + -96)?
-6
Calculate -15 - (-6 - 11 - -10 - 5).
-3
What is the value of 10 + (22 - 23) + -4 + 8?
13
Calculate 3 + (13 - (-29 + 51)) + (-1 - -12).
5
(6 - (-11 - (2 - 37)) - 2) + -9
-29
What is the value of -1 + -3 + 2 + -9 - -4 - 5?
-12
What is 7 - (-2 - (-1 + (8 - 6))) - -2?
12
Evaluate (-2 - 2) + (-15 + -28 - -31).
-16
Evaluate -52 + 58 - ((10 - -3) + (-2 - 0)).
-5
What is (-56 - -57) + 3 + 1 + (-12 - 0)?
-7
What is -1 - ((-5 - -4) + (0 - -4) + -6)?
2
Evaluate 3 + (-42 - -47) - 21.
-13
(3 - -13) + (-38 - -2)
-20
What is -42 - -2 - (-860 